-5*g**2 + 1952*g + 31356. Calculate h(-16).
-1156
Let w(a) = 7702*a - 5345207. Determine w(694).
-19
Let x(c) = 127*c**3 - 54*c**2 - 157*c + 11. Calculate x(-3).
-3433
Let b(o) = -41*o**2 - 1678*o + 1857. Determine b(-42).
9
Let u(k) = -2979*k - 554099. Calculate u(-186).
-5
Let x(d) = -4*d**2 - 522*d - 16279. Calculate x(-47).
-581
Let n(k) = -k**3 + 268*k**2 + 777*k - 278739. What is n(267)?
9
Let o(m) = 52*m - 337. What is o(21)?
755
Let t(f) = 11*f**3 + 75*f**2 - 337*f. What is t(3)?
-39
Let a(d) = -847737*d - 58493851. Calculate a(-69).
2
Let l(u) = 376*u**2 + 139872*u - 84. What is l(-372)?
-84
Let l(d) = 17300*d + 363310. Give l(-21).
10
Let d(j) = -304*j - 865. Calculate d(-5).
655
Let m(g) = 2582*g - 2131. Determine m(0).
-2131
Let t(c) = 14350*c + 645736. Give t(-45).
-14
Let n(b) = 6*b**3 - 3*b**2 - 94790*b - 284360. Give n(-3).
-179
Let k(a) = a**3 - 28*a**2 - 246*a - 341. Calculate k(-6).
-89
Let d(n) = -536*n + 4974. Give d(10).
-386
Let k(p) = 166*p**2 - 730*p + 731. Determine k(1).
167
Let h(m) = m**3 - 217*m**2 + 302*m - 18425. Determine h(216).
151
Let u(x) = -2*x**2 - 91*x - 1. Determine u(-25).
1024
Let h(s) = 2*s**3 + 8*s**2 - 26*s - 94. Calculate h(-7).
-206
Let z(r) = -52807*r + 475177. Determine z(9).
-86
Let c(h) = -242*h - 22278. Calculate c(-95).
712
Let o(r) = 188379*r - 50. What is o(0)?
-50
Let f(p) = 1360*p**2 - 5*p + 241. What is f(0)?
241
Let p(k) = -1424*k + 22026. Give p(18).
-3606
Let c(g) = 106364*g - 1382699. What is c(13)?
33
Let l(y) = 68*y**2 - 25739*y + 151974. Calculate l(6).
-12
Let h(z) = -99*z - 18240. Calculate h(-189).
471
Let f(b) = 71759*b - 2081018. Give f(29).
-7
Let g(r) = -620*r**2 + 95482*r - 302. Calculate g(154).
6
Let c(m) = 440*m - 10630. What is c(23)?
-510
Let c(x) = 26*x**3 - 126*x**2 + 1622*x - 8212. Determine c(5).
-2
Let w(k) = 142*k - 10879. What is w(73)?
-513
Let c(k) = -2*k**2 - 200*k - 1305. Determine c(-93).
-3
Let u(p) = 1060*p**2 - 4267*p + 12. Calculate u(4).
-96
Let h(v) = 17*v**3 - 9*v**2 - 198*v + 1200. Calculate h(7).
5204
Let d(x) = -3*x**2 + 462*x - 13874. Calculate d(41).
25
Let h(n) = 7023*n + 14023. What is h(-2)?
-23
Let z(t) = -69*t**2 - 62*t + 2877. Give z(6).
21
Let k(i) = -i**2 + 304*i + 39855. Give k(403).
-42
Let k(r) = 81*r**2 - 828*r + 2110. Calculate k(5).
-5
Let i(f) = -7061*f - 218871. Calculate i(-31).
20
Let d(k) = 285*k**3 - 8*k**2 - 166*k - 307. What is d(-2)?
-2287
Let o(n) = -70*n**3 - 3346*n**2 + 639*n - 1590. Give o(-48).
-6
Let g(c) = -641050*c - 2564330. Give g(-4).
-130
Let g(n) = -130962*n + 3143084. Determine g(24).
-4
Let x(s) = -1801*s - 77224. Give x(-43).
219
Let c(r) = -661*r + 16328. Calculate c(24).
464
Let z(y) = -3*y**3 - 96*y**2 + 105*y - 23. Give z(-33).
-221
Let g(a) = -11*a**2 + 204*a - 633. Determine g(14).
67
Let l(h) = -h**2 + 216088*h + 1080472. What is l(-5)?
7
Let k(c) = 127466*c - 765111. Calculate k(6).
-315
Let f(w) = w**3 - 2*w**2 - 1512*w - 4546. Give f(-3).
-55
Let r(q) = -3192*q + 146625. Calculate r(46).
-207
Let u(b) = 3*b**3 - 9*b**2 + 121*b - 823. What is u(6)?
227
Let q(p) = 7974*p + 23747. Determine q(-3).
-175
Let u(h) = -h**3 - 279*h**2 + 4552*h + 41729. Calculate u(-294).
-19
Let l(o) = -962*o**3 + 36*o**2 - 125*o + 126. What is l(1)?
-925
Let s(i) = 2096*i + 12633. What is s(-6)?
57
Let q(c) = 6*c**3 + 2933*c**2 + 36625*c - 12854. What is q(-476)?
-2
Let h(a) = a**3 - 17*a**2 + 43*a - 236. Determine h(15).
-41
Let s(g) = 204*g**2 - 9186*g + 681. What is s(45)?
411
Let j(i) = 829*i**2 + 74*i + 73. Determine j(-1).
828
Let g(j) = -16*j - 1027. Calculate g(-43).
-339
Let w(g) = 26*g**3 + 418*g**2 + 34*g + 38. Give w(-16).
6
Let p(t) = -2038*t - 26398. Calculate p(-13).
96
Let x(q) = -10154*q + 304632. Calculate x(30).
12
Let j(u) = 9*u**2 - 81*u + 145. Calculate j(8).
73
Let n(p) = p**3 + 121*p**2 - 72*p - 36879. Give n(-119).
11
Let s(f) = -201*f + 2352. Give s(-2).
2754
Let o(x) = -2*x**3 + 18*x**2 + 396*x + 711. What is o(-2)?
7
Let u(k) = -k**3 - 192*k**2 - 1497*k - 380. Calculate u(-8).
-180
Let j(y) = -225*y + 26910. Determine j(106).
3060
Let u(h) = 2*h**2 - 487*h + 5982. Determine u(13).
-11
Let f(s) = -s**2 + 267*s - 1044. Give f(4).
8
Let m(t) = 14951*t + 164672. Calculate m(-11).
211
Let x(u) = u**3 + 8*u**2 + 68*u + 7. Give x(-10).
-873
Let x(o) = -6*o**2 - 309*o + 87235. What is x(-149)?
70
Let i(g) = 54475*g + 109083. Calculate i(-2).
133
Let g(f) = 12938*f - 90567. Give g(7).
-1
Let a(n) = 1759*n**2 - 17663*n + 721. Calculate a(10).
-9
Let v(z) = 445030*z - 4895313. Determine v(11).
17
Let o(n) = 93*n**3 + 186*n**2 + 53*n + 105. Calculate o(-2).
-1
Let o(f) = -13952*f - 111607. Calculate o(-8).
9
Let x(h) = 15*h**2 + 4*h + 118. Determine x(5).
513
Let a(x) = 60209*x + 361258. Determine a(-6).
4
Let k(m) = m**3 + 39*m**2 - 459*m + 189. Give k(9).
-54
Let h(y) = 48*y**2 - 1405*y - 6385. Determine h(-4).
3
Let u(r) = 3*r**2 + 12202*r + 709469. Give u(-59).
-6
Let l(r) = -125*r**2 - 51198*r - 29860. Give l(-409).
-3
Let w(b) = 41*b**3 + 1229*b**2 - 340*b - 9290. What is w(-30)?
10
Let u(c) = 2246*c**2 + 250*c + 246. Determine u(-1).
2242
Let u(y) = 8*y**2 + 226*y + 2941. Give u(-14).
1345
Let c(k) = 15581*k - 171374. What is c(11)?
17
Let c(u) = -3*u**2 + 2488*u - 12358. What is c(5)?
7
Let y(l) = 3*l**3 - 32*l**2 - 31*l - 57. What is y(13)?
723
Let r(j) = j**3 - 35*j**2 + 70*j + 425. What is r(33)?
557
Let j(d) = -3*d**2 + 3961*d + 15901. Determine j(-4).
9
Let f(t) = -t**3 + 47*t**2 - 33*t + 906. Calculate f(47).
-645
Let x(j) = 2*j**3 - 144*j**2 + 207*j - 75237. Determine x(77).
-8
Let j(z) = -70*z**3 - 124*z**2 - 223*z + 35. Give j(-2).
545
Let k(t) = -14*t**2 - 977*t - 14263. Determine k(-49).
-4
Let g(x) = 2*x**3 - 170*x**2 - 216*x + 3672. What is g(86)?
-112
Let s(p) = 871*p**2 - 3391*p + 3390. What is s(1)?
870
Let x(r) = 54*r**2 + 5819*r - 1399. Calculate x(-108).
5
Let z(q) = 2845598*q + 2845592. Calculate z(-1).
-6
Let w(z) = z**2 - 700*z + 78666. What is w(141)?
-153
Let k(p) = p**3 - 32*p**2 - 455*p + 9745. What is k(20)?
-4155
Let o(p) = -5*p**3 + 879*p**2 + 214*p - 6202. Calculate o(176).
486
Let j(k) = -1575*k - 36352. Give j(-23).
-127
Let t(k) = -31*k**2 - 19494*k + 61938. Give t(-632).
2
Let g(f) = f**3 + 14*f**2 + 15056*f + 195558. Calculate g(-13).
-1
Let g(q) = -q**3 - 37*q**2 + 229*q - 166. What is g(-44)?
3310
Let g(w) = -2*w**3 - 20*w**2 + 788*w + 706. What is g(16)?
2
Let v(o) = o**3 - 20*o**2 - 73*o + 26. Give v(-4).
-66
Let f(r) = -r**2 - 30742*r + 276841. Determine f(9).
82
Let u(c) = 1277*c + 15078. Give u(-12).
-246
Let m(y) = 1938*y - 95818. Give m(49).
-856
Let l(n) = 52*n + 940. Calculate l(-36).
-932
Let r(m) = -68*m**2 + 3414*m + 8. Calculate r(0).
8
Let j(n) = -6108*n - 995600. Determine j(-163).
4
Let l(n) = n**3 + 93*n**2 + 2183*n + 2095. Calculate l(-41).
4
Let l(a) = -8*a**3 - 504*a**2 + 17*a - 196. Give l(-63).
-1267
Let g(h) = 47*h**2 + 2639*h - 242164. Determine g(49).
-6
Let s(t) = 47*t**2 + 3619*t - 72. Calculate s(-77).
-72
Let p(f) = -3*f**3 - 54*f**2 + 261*f - 3. What is p(4)?
-15
Let w(q) = -q**3 + 5*q**2 - 101*q + 293. Calculate w(-11).
3340
Let j(b) = -13349*b - 93413. Calculate j(-7).
30
Let k(s) = -181*s**2 - 574*s - 7. What is k(-3)?
86
Let a(k) = 211*k**2 - 43*k - 228. What is a(-5)?
5262
Let o(v) = v**3 - 10*v**2 + 139*v - 530. Calculate o(4).
-70
Let g(o) = 20*o**3 - o**2 - 434*o - 1331. What is g(-3)?
-578
Let l(n) = -12*n**2 - 173*n - 1218. Give l(-9).
-633
Let w(f) = 2178*f + 544434. What is w(-250)?
-66
Let m(a) = 161*a**2 - 892*a + 20. Give m(0).
20
Let f(n) = -7*n**3 - 16*n**2 - 68*n + 15. What is f(-6)?
1359
Let k(s) = 224*s + 11930. What is k(-53)?
58
Let w(f) = 24*f**3 + 3309*f**2 - 408*f + 827. Determine w(-138).
-1
Let m(b) = b**3 + 66349*b**2 + 8542384*b + 512. Give m(-129).
-4
Let r(c) = c**3 + 17526*c**2 + 105118*c - 8. Give r(-6).
4
Let v(t) = 294*t**2 - 885*t - 8. Calculate v(3).
-17
Let q(x) = -932*x**2 - 10*x - 9. Calculate q(0).
-9
Let k(a) = -4*a**2 - 438*a - 297. Give k(-109).
-79
Let f(w) = 5*w**2 - 64*w - 698. Determine f(-15).
1387
Let c(q) = -793*q - 23370. Give c(-31).
1213
Let z(y) = 2*y**3 - 134*y**2 - 3054*y - 141. Give z(-18).
-249
Let y(c) = -2*c**2 + 2816*c + 118833. Determine y(-41).
15
Let c(k) = -5